{"id":252,"date":"2021-03-30T12:43:05","date_gmt":"2021-03-30T12:43:05","guid":{"rendered":"http:\/\/alice.phy.hr\/?page_id=252"},"modified":"2021-03-31T11:01:23","modified_gmt":"2021-03-31T11:01:23","slug":"d-4-2","status":"publish","type":"page","link":"https:\/\/alice.phy.hr\/index.php\/d-4-2\/","title":{"rendered":"D4.2 Snimljena mjerenja propagacije proboja za kaskadni GEM detektor, prezentacija dobivenih rezultata na CERN-u na RD51 sastanku"},"content":{"rendered":"\n<p>U postavu za mjerenja u Zagrebu omogu\u0107ili smo mjerenja na vi\u0161estrukim GEM folijama, tj. kaskadnom GEM detektoru. Primjeri mjerenja, kao i opis postava mogu se na\u0107i u prezentaciji odr\u017eanoj na RD51 sastanku na CERNu.<\/p>\n\n\n\n<figure class=\"wp-block-image\"><img decoding=\"async\" loading=\"lazy\" width=\"795\" height=\"441\" src=\"http:\/\/alice.phy.hr\/wp-content\/uploads\/2021\/03\/Shema.png\" alt=\"\" class=\"wp-image-351\" srcset=\"https:\/\/alice.phy.hr\/wp-content\/uploads\/2021\/03\/Shema.png 795w, https:\/\/alice.phy.hr\/wp-content\/uploads\/2021\/03\/Shema-300x166.png 300w, https:\/\/alice.phy.hr\/wp-content\/uploads\/2021\/03\/Shema-768x426.png 768w\" sizes=\"(max-width: 795px) 100vw, 795px\" \/><figcaption>Shema mjernog postava s 2 GEMa i probojima<\/figcaption><\/figure>\n\n\n\n<figure class=\"wp-block-image\"><img decoding=\"async\" loading=\"lazy\" width=\"413\" height=\"591\" src=\"http:\/\/alice.phy.hr\/wp-content\/uploads\/2021\/03\/Disch.png\" alt=\"\" class=\"wp-image-352\" srcset=\"https:\/\/alice.phy.hr\/wp-content\/uploads\/2021\/03\/Disch.png 413w, https:\/\/alice.phy.hr\/wp-content\/uploads\/2021\/03\/Disch-210x300.png 210w\" sizes=\"(max-width: 413px) 100vw, 413px\" \/><figcaption>Fotografija 2 izboja sa susjednih folija u postavu<\/figcaption><\/figure>\n\n\n\n<figure class=\"wp-block-image\"><img decoding=\"async\" loading=\"lazy\" width=\"1024\" height=\"374\" src=\"http:\/\/alice.phy.hr\/wp-content\/uploads\/2021\/03\/2-3-1024x374.png\" alt=\"\" class=\"wp-image-353\" srcset=\"https:\/\/alice.phy.hr\/wp-content\/uploads\/2021\/03\/2-3-1024x374.png 1024w, https:\/\/alice.phy.hr\/wp-content\/uploads\/2021\/03\/2-3-300x110.png 300w, https:\/\/alice.phy.hr\/wp-content\/uploads\/2021\/03\/2-3-768x281.png 768w, https:\/\/alice.phy.hr\/wp-content\/uploads\/2021\/03\/2-3.png 1652w\" sizes=\"(max-width: 1024px) 100vw, 1024px\" \/><figcaption>Mjerenja napona sa susjednih folija tijekom 2 proboja<\/figcaption><\/figure>\n","protected":false},"excerpt":{"rendered":"<p>U postavu za mjerenja u Zagrebu omogu\u0107ili smo mjerenja na vi\u0161estrukim GEM folijama, tj. kaskadnom GEM detektoru. Primjeri mjerenja, kao i opis postava mogu se na\u0107i u prezentaciji odr\u017eanoj na RD51 sastanku na CERNu.<\/p>\n","protected":false},"author":1,"featured_media":0,"parent":0,"menu_order":0,"comment_status":"closed","ping_status":"closed","template":"","meta":[],"_links":{"self":[{"href":"https:\/\/alice.phy.hr\/index.php\/wp-json\/wp\/v2\/pages\/252"}],"collection":[{"href":"https:\/\/alice.phy.hr\/index.php\/wp-json\/wp\/v2\/pages"}],"about":[{"href":"https:\/\/alice.phy.hr\/index.php\/wp-json\/wp\/v2\/types\/page"}],"author":[{"embeddable":true,"href":"https:\/\/alice.phy.hr\/index.php\/wp-json\/wp\/v2\/users\/1"}],"replies":[{"embeddable":true,"href":"https:\/\/alice.phy.hr\/index.php\/wp-json\/wp\/v2\/comments?post=252"}],"version-history":[{"count":4,"href":"https:\/\/alice.phy.hr\/index.php\/wp-json\/wp\/v2\/pages\/252\/revisions"}],"predecessor-version":[{"id":355,"href":"https:\/\/alice.phy.hr\/index.php\/wp-json\/wp\/v2\/pages\/252\/revisions\/355"}],"wp:attachment":[{"href":"https:\/\/alice.phy.hr\/index.php\/wp-json\/wp\/v2\/media?parent=252"}],"curies":[{"name":"wp","href":"https:\/\/api.w.org\/{rel}","templated":true}]}}