{"id":244,"date":"2021-03-30T12:40:50","date_gmt":"2021-03-30T12:40:50","guid":{"rendered":"http:\/\/alice.phy.hr\/?page_id=244"},"modified":"2021-04-01T11:06:00","modified_gmt":"2021-04-01T11:06:00","slug":"d-2-3","status":"publish","type":"page","link":"https:\/\/alice.phy.hr\/index.php\/d-2-3\/","title":{"rendered":"D2.3 Napravljeni rezultati za dvo\u010desti\u010dne korelacije u podacima i simulacijama za identificirane \u010destice"},"content":{"rendered":"\n<p>Kao \u0161to je napomenuto u D2.2, za usporedbu rezultata korelacija u podacima i simulacijama krenuli smo u istra\u017eivanje putem neuralnih mre\u017ea. Kao prvi bitan korak u analizi, predlozen i odobren od strane kolaboracije, bilo je izu\u010davanje doprinosa pozadini od kvarkovskih i gluonskih snopova \u010destica. Razvijen je softver (neuralne mre\u017ee) koji rekonstruira  nepoznate distribucije u grananjima hadrona, te je na temelju rezultata objavljen <a href=\"https:\/\/www.mdpi.com\/1099-4300\/22\/9\/994\">\u010dlanak u entropy \u010dasopisu<\/a>.<\/p>\n","protected":false},"excerpt":{"rendered":"<p>Kao \u0161to je napomenuto u D2.2, za usporedbu rezultata korelacija u podacima i simulacijama krenuli smo u istra\u017eivanje putem neuralnih mre\u017ea. Kao prvi bitan korak u analizi, predlozen i odobren od strane kolaboracije, bilo je izu\u010davanje doprinosa pozadini od kvarkovskih i gluonskih snopova \u010destica. Razvijen je softver (neuralne mre\u017ee) koji rekonstruira nepoznate distribucije u grananjima &#8230; <a title=\"D2.3 Napravljeni rezultati za dvo\u010desti\u010dne korelacije u podacima i simulacijama za identificirane \u010destice\" class=\"read-more\" href=\"https:\/\/alice.phy.hr\/index.php\/d-2-3\/\">Read more<span class=\"screen-reader-text\">D2.3 Napravljeni rezultati za dvo\u010desti\u010dne korelacije u podacima i simulacijama za identificirane \u010destice<\/span><\/a><\/p>\n","protected":false},"author":1,"featured_media":0,"parent":0,"menu_order":0,"comment_status":"closed","ping_status":"closed","template":"","meta":[],"_links":{"self":[{"href":"https:\/\/alice.phy.hr\/index.php\/wp-json\/wp\/v2\/pages\/244"}],"collection":[{"href":"https:\/\/alice.phy.hr\/index.php\/wp-json\/wp\/v2\/pages"}],"about":[{"href":"https:\/\/alice.phy.hr\/index.php\/wp-json\/wp\/v2\/types\/page"}],"author":[{"embeddable":true,"href":"https:\/\/alice.phy.hr\/index.php\/wp-json\/wp\/v2\/users\/1"}],"replies":[{"embeddable":true,"href":"https:\/\/alice.phy.hr\/index.php\/wp-json\/wp\/v2\/comments?post=244"}],"version-history":[{"count":4,"href":"https:\/\/alice.phy.hr\/index.php\/wp-json\/wp\/v2\/pages\/244\/revisions"}],"predecessor-version":[{"id":395,"href":"https:\/\/alice.phy.hr\/index.php\/wp-json\/wp\/v2\/pages\/244\/revisions\/395"}],"wp:attachment":[{"href":"https:\/\/alice.phy.hr\/index.php\/wp-json\/wp\/v2\/media?parent=244"}],"curies":[{"name":"wp","href":"https:\/\/api.w.org\/{rel}","templated":true}]}}