{"id":2,"date":"2019-09-19T17:10:59","date_gmt":"2019-09-19T17:10:59","guid":{"rendered":"http:\/\/alice.phy.hr\/?page_id=2"},"modified":"2019-10-01T10:16:19","modified_gmt":"2019-10-01T10:16:19","slug":"sample-page","status":"publish","type":"page","link":"https:\/\/alice.phy.hr\/","title":{"rendered":"Opis projekta"},"content":{"rendered":"\n<p><\/p>\n\n\n\n<table class=\"wp-block-table\"><tbody><tr><td><strong>Voditelj:<\/strong><\/td><td><strong>Vrsta natje\u010daja:<\/strong><\/td><\/tr><tr><td>Mirko Planini\u0107<\/td><td>IP<\/td><\/tr><\/tbody><\/table>\n\n\n\n<table class=\"wp-block-table\"><tbody><tr><td><strong>Rok:<\/strong><\/td><td><strong>\u0160ifra:<\/strong><\/td><td><strong>Akronim:<\/strong><\/td><td><strong>Trajanje:<\/strong><\/td><td><strong>Status:<\/strong><\/td><td><strong>Vrijednost financiranja:<\/strong><\/td><\/tr><tr><td>2018-01<\/td><td>4108<\/td><td>TPCwithTPC<\/td><td>01.10.2018 &#8211; 31.10.2022<\/td><td>U tijeku<\/td><td>998.437,00 Kn<\/td><\/tr><\/tbody><\/table>\n\n\n\n<p><strong>Znanstvena podru\u010dja:<\/strong><br>Prirodne znanosti<\/p>\n\n\n\n<p><strong>Znanstvena polja:<\/strong><br>Fizika<\/p>\n\n\n\n<p><strong>Ustanova:<\/strong><br>Sveu\u010dili\u0161te u Zagrebu, Prirodoslovno-matemati\u010dki fakultet<\/p>\n\n\n\n<p><strong>Suradnici:<\/strong><br>Nikola Poljak, Filip Erhardt, Marko Jer\u010di\u0107<\/p>\n\n\n\n<p><strong>Klju\u010dne rije\u010di:<\/strong><br>Dvo\u010desti\u010dne korelacije, Kvarkovsko-gluonska plazma, TPC, GEM, Iskrenje, RIDGE<\/p>\n\n\n\n<p><strong>Sa\u017eetak:<\/strong><br>Primarni cilj ovog projekta je istra\u017eiti dvo\u010desti\u010dne korelacije \u010destica u sudarima protona (pp) koriste\u0107i varijable oblika doga\u0111aja koje je na\u0161a grupa u prethodnim analizama opse\u017eno koristila. 2010. g. izmjerena je izra\u017eena struktura u dvodimenzionalnoj funkciji angularnih korelacija za parove \u010destica kod malih azimutalnih kutnih razlika delta phi i preko \u0161irokog raspona razlika pseudorapiditeta delta eta. Ta je struktura nazvana &#8221;greben&#8221;, a promatrana je u doga\u0111ajima s velikim multiplicitetom. Korelacija grebena prvi put se vidjela u sudarima te\u0161kih iona u kojima znamo da se proizvodi kvarkovsko-gluonska plazma (QGP). Nedavno je opa\u017eena struktura grebena u pp doga\u0111ajima visokog multipliciteta kod 7 TeV. Greben u pp doga\u0111ajima visokog multipliciteta potaknuo je spekulacije o formiranju QGP u malim sustavima. Nedavni rezultati ALICE-a o prvom opa\u017eanju pove\u0107anja stranosti u sudarima protona s velikim multiplicitetom tako\u0111er nam govore da jo\u0161 ne razumijemo mehanizam formiranja QGP. Kori\u0161tenje metoda razvijenih u PI grupi mo\u017ee pomo\u0107i u razumjevanju podrijetla strukture &#8221;grebena&#8221; novom metodom eliminiranja pozadine koju je ve\u0107 uspje\u0161no koristila na\u0161a grupa. Sekundarni cilj ovog projekta je demistificirati pojavu iskrenja GEM detektora koji se koriste za TPC nadogradnju ALICE detektora na CERN-u. PI je utemeljio GEM laboratorij s \u010distom sobom koriste\u0107i prija\u0161nji UKF projekt i grupa je ve\u0107 stekla zna\u010dajno iskustvo s GEM folijama. GEM folije su sastavni dio nadolaze\u0107e nadogradnje ALICE detektora, budu\u0107i da su neophodne za planirane pp i te\u0161koionske sudare velikog luminoziteta. Ova nadogradnja je tako\u0111er motivirana otvorenim pitanjima u QGP-u, budu\u0107i da \u0107e run velikog luminoziteta rezultirati zna\u010dajnim pove\u0107anjem koli\u010dine podataka koji se koriste za QGP analize.<\/p>\n","protected":false},"excerpt":{"rendered":"<p>Voditelj: Vrsta natje\u010daja: Mirko Planini\u0107 IP Rok: \u0160ifra: Akronim: Trajanje: Status: Vrijednost financiranja: 2018-01 4108 TPCwithTPC 01.10.2018 &#8211; 31.10.2022 U tijeku 998.437,00 Kn Znanstvena podru\u010dja:Prirodne znanosti Znanstvena polja:Fizika Ustanova:Sveu\u010dili\u0161te u Zagrebu, Prirodoslovno-matemati\u010dki fakultet Suradnici:Nikola Poljak, Filip Erhardt, Marko Jer\u010di\u0107 Klju\u010dne rije\u010di:Dvo\u010desti\u010dne korelacije, Kvarkovsko-gluonska plazma, TPC, GEM, Iskrenje, RIDGE Sa\u017eetak:Primarni cilj ovog projekta je istra\u017eiti dvo\u010desti\u010dne &#8230; <a title=\"Opis projekta\" class=\"read-more\" href=\"https:\/\/alice.phy.hr\/\">Read more<span class=\"screen-reader-text\">Opis projekta<\/span><\/a><\/p>\n","protected":false},"author":1,"featured_media":0,"parent":0,"menu_order":0,"comment_status":"closed","ping_status":"open","template":"","meta":[],"_links":{"self":[{"href":"https:\/\/alice.phy.hr\/index.php\/wp-json\/wp\/v2\/pages\/2"}],"collection":[{"href":"https:\/\/alice.phy.hr\/index.php\/wp-json\/wp\/v2\/pages"}],"about":[{"href":"https:\/\/alice.phy.hr\/index.php\/wp-json\/wp\/v2\/types\/page"}],"author":[{"embeddable":true,"href":"https:\/\/alice.phy.hr\/index.php\/wp-json\/wp\/v2\/users\/1"}],"replies":[{"embeddable":true,"href":"https:\/\/alice.phy.hr\/index.php\/wp-json\/wp\/v2\/comments?post=2"}],"version-history":[{"count":3,"href":"https:\/\/alice.phy.hr\/index.php\/wp-json\/wp\/v2\/pages\/2\/revisions"}],"predecessor-version":[{"id":33,"href":"https:\/\/alice.phy.hr\/index.php\/wp-json\/wp\/v2\/pages\/2\/revisions\/33"}],"wp:attachment":[{"href":"https:\/\/alice.phy.hr\/index.php\/wp-json\/wp\/v2\/media?parent=2"}],"curies":[{"name":"wp","href":"https:\/\/api.w.org\/{rel}","templated":true}]}}